{"id":3002,"date":"2013-07-29T09:54:27","date_gmt":"2013-07-29T07:54:27","guid":{"rendered":"http:\/\/interlingua.comune.re.it\/?page_id=3002"},"modified":"2013-07-29T09:54:27","modified_gmt":"2013-07-29T07:54:27","slug":"gli-autori-dellipertesto","status":"publish","type":"page","link":"https:\/\/interlingua.comune.re.it\/?page_id=3002","title":{"rendered":"Gli autori dell&#8217;ipertesto"},"content":{"rendered":"<p>La redazione di questo ipertesto \u00e8 il frutto di un lavoro collettivo. In ogni sezione sono riportati gli autori del testo e della sperimentazione educativa.<\/p>\n<p>Il coordinamento editoriale del sito \u00e8 a cura di Gabriele Pallotti.<\/p>\n<p>Redazione del sito Web: Comune di Reggio Emilia<\/p>\n<p>(c) Queste pagine sono state prodotte dal Comune di Reggio Emilia e dall&#8217;Universit\u00e0 di Modena e Reggio Emilia. Possono essere utilizzate liberamente per finalit\u00e0 didattiche o scientifiche senza scopi di lucro, purch\u00e9 si citi sempre la fonte con la dizione &#8216;Progetto Osservare l&#8217;interlingua. Comune di Reggio Emilia e Universit\u00e0 di Modena e Reggio Emilia&#8217;. Ogni altro uso deve essere espressamente autorizzato.<\/p>\n","protected":false},"excerpt":{"rendered":"<p>La redazione di questo ipertesto \u00e8 il frutto di un lavoro collettivo. In ogni sezione sono riportati gli autori del testo e della sperimentazione educativa. Il coordinamento editoriale del sito \u00e8 a cura di Gabriele Pallotti. Redazione del sito Web: &hellip; <a href=\"https:\/\/interlingua.comune.re.it\/?page_id=3002\">Continua a leggere<span class=\"meta-nav\">&rarr;<\/span><\/a><\/p>\n","protected":false},"author":4,"featured_media":0,"parent":364,"menu_order":10,"comment_status":"open","ping_status":"closed","template":"","meta":{"_monsterinsights_skip_tracking":false,"_monsterinsights_sitenote_active":false,"_monsterinsights_sitenote_note":"","_monsterinsights_sitenote_category":0,"footnotes":""},"categories":[],"tags":[],"class_list":["post-3002","page","type-page","status-publish","hentry"],"_links":{"self":[{"href":"https:\/\/interlingua.comune.re.it\/index.php?rest_route=\/wp\/v2\/pages\/3002","targetHints":{"allow":["GET"]}}],"collection":[{"href":"https:\/\/interlingua.comune.re.it\/index.php?rest_route=\/wp\/v2\/pages"}],"about":[{"href":"https:\/\/interlingua.comune.re.it\/index.php?rest_route=\/wp\/v2\/types\/page"}],"author":[{"embeddable":true,"href":"https:\/\/interlingua.comune.re.it\/index.php?rest_route=\/wp\/v2\/users\/4"}],"replies":[{"embeddable":true,"href":"https:\/\/interlingua.comune.re.it\/index.php?rest_route=%2Fwp%2Fv2%2Fcomments&post=3002"}],"version-history":[{"count":1,"href":"https:\/\/interlingua.comune.re.it\/index.php?rest_route=\/wp\/v2\/pages\/3002\/revisions"}],"predecessor-version":[{"id":3006,"href":"https:\/\/interlingua.comune.re.it\/index.php?rest_route=\/wp\/v2\/pages\/3002\/revisions\/3006"}],"up":[{"embeddable":true,"href":"https:\/\/interlingua.comune.re.it\/index.php?rest_route=\/wp\/v2\/pages\/364"}],"wp:attachment":[{"href":"https:\/\/interlingua.comune.re.it\/index.php?rest_route=%2Fwp%2Fv2%2Fmedia&parent=3002"}],"wp:term":[{"taxonomy":"category","embeddable":true,"href":"https:\/\/interlingua.comune.re.it\/index.php?rest_route=%2Fwp%2Fv2%2Fcategories&post=3002"},{"taxonomy":"post_tag","embeddable":true,"href":"https:\/\/interlingua.comune.re.it\/index.php?rest_route=%2Fwp%2Fv2%2Ftags&post=3002"}],"curies":[{"name":"wp","href":"https:\/\/api.w.org\/{rel}","templated":true}]}}

<p>La redazione di questo ipertesto è il frutto di un lavoro collettivo. In ogni sezione sono riportati gli autori del testo e della sperimentazione educativa.</p>
<p>Il coordinamento editoriale del sito è a cura di Gabriele Pallotti.</p>
<p>Redazione del sito Web: Comune di Reggio Emilia</p>
<p>(c) Queste pagine sono state prodotte dal Comune di Reggio Emilia e dall&#8217;Università di Modena e Reggio Emilia. Possono essere utilizzate liberamente per finalità didattiche o scientifiche senza scopi di lucro, purché si citi sempre la fonte con la dizione &#8216;Progetto Osservare l&#8217;interlingua. Comune di Reggio Emilia e Università di Modena e Reggio Emilia&#8217;. Ogni altro uso deve essere espressamente autorizzato.</p>

<p>La redazione di questo ipertesto è il frutto di un lavoro collettivo. In ogni sezione sono riportati gli autori del testo e della sperimentazione educativa. Il coordinamento editoriale del sito è a cura di Gabriele Pallotti. Redazione del sito Web: &hellip; <a href="https://interlingua.comune.re.it/?page_id=3002">Continua a leggere<span class="meta-nav">&rarr;</span></a></p>
